*g + 6804. Let b(t) = 4*t - t**3 + 749 + t - 5*t**2 - g. What is b(-6)?
-1
Let v(n) = n**2 - 2*n + 1. Let z = 30 + -18. Suppose 12*q = 15*q - z. Suppose -4*c + 4*k = -k - 14, q = -2*k. Determine v(c).
0
Let d(z) be the second derivative of z**5/12 + z**4/6 + z**3/6 - 20*z**2 + 12*z - 11. Let b(m) be the first derivative of d(m). What is b(-2)?
13
Let n(j) = 110*j - 404. Let a(w) = 37*w - 150. Let z(i) = 11*a(i) - 4*n(i). Calculate z(-1).
-1
Let v(y) = -y**2 + 9*y + 12. Let f(w) = 4*w**2 - 38*w - 57. Let k(b) = 2*f(b) + 9*v(b). Suppose -5*u = -h - h + 28, 2*h + 4 = -3*u. Determine k(h).
-2
Let f = 5168 + -5167. Let d(w) = -16*w + 2. Let u(v) = -8*v + 1. Let z(j) = -2*d(j) + 5*u(j). Determine z(f).
-7
Suppose 97*w - 138*w = 246. Let b(y) = -99*y**3 + 8 + 7*y - 5*y**2 + 49*y**3 + 49*y**3. Calculate b(w).
2
Let l(a) = -a - 2*a - 6 + 4*a + 0. Let f(w) = -3. Let m(q) = 3*f(q) - l(q). Give m(-5).
2
Let p(n) be the third derivative of -n**4/2 + 21*n**3/2 - 12144*n**2. What is p(12)?
-81
Let x(r) = -2*r**3 + 2*r**2 + 4*r - 1. Let c be x(-2). Let m(k) = -27*k + c*k + 14 + 13*k. Calculate m(-9).
5
Let c(g) = -g - 6. Let t be (-34)/(-6) + -5 + (-80)/(-6). Suppose 193 + t = -23*i. Determine c(i).
3
Let t(p) = 5*p - 35. Let g(c) = -c**2 + 229*c - 2802. Let n be g(13). Calculate t(n).
-5
Let t(v) = 108 - 221 + v**2 + 104 + 16*v. Let u(q) = -3*q. Let r(c) = -t(c) - 5*u(c). Determine r(0).
9
Let j(x) be the first derivative of -x**5/20 - 2*x**4/3 - 7*x**3/6 - 3*x**2 - 115*x - 31. Let s(f) be the first derivative of j(f). Determine s(-7).
-6
Let h be ((-207)/46)/(2/(-4)). Let a be ((h/(-6))/3)/(22/132). Let k(f) be the third derivative of f**4/24 + f**3/2 + f**2. Give k(a).
0
Let r be 1180/(-42) + 56/588. Let k be (0 - 2) + 3 - 35. Let a = r - k. Let x(l) = -l**2 + 3*l - 4. Give x(a).
-22
Let s(n) be the second derivative of -n**5/20 - 5*n**4/6 + 11*n**3/3 - 10*n**2 - 1192*n. Determine s(-12).
4
Suppose -17 = -3*s + 1. Suppose -k = s*k - 49. Let g(p) = 4 - k*p**3 + 5*p**3 - 3 + 2*p**2 - 2*p + p**3. Give g(1).
0
Let k(y) = -5*y**3 + 16*y**2 + 7*y + 14. Let o(a) = -4*a**3 + 15*a**2 + 8*a + 18. Let v(s) = -3*k(s) + 4*o(s). Give v(13).
4
Suppose 4*x = -2*r + 31 - 7, 24 = 3*x + 3*r. Let v(h) = 6*h - 7. Let c(q) = 8*q - 7. Let i(u) = x*c(u) - 5*v(u). What is i(-2)?
3
Let x(h) = h**3 + 5*h**2 + 3. Suppose 18*k + 6 = 78. Let n be -6 - (k/(-7) - 33/77). Give x(n).
3
Let a(q) = -q**3 - 6*q**2 - q - 4. Let s be a(-6). Let f(x) = -2*x**2 + 6*x + 11. Let j(v) = -4*v**2 + 15*v + 28. Let w(k) = -10*f(k) + 4*j(k). Determine w(s).
18
Let f be ((-38)/72 + (-6)/27)/((-2)/(-16)). Suppose -8 = -5*q + q. Let l(h) = q*h**2 + 6*h**2 - 5*h - 14 + h**3 + 5 - 3*h**2. Give l(f).
-15
Let z(x) = -x**3 + 4*x**2 + 2*x + 3. Suppose 28*q = 35*q + 2317. Let u = q - -334. Determine z(u).
18
Let x(w) = 4*w**3 + 3*w**2 + 4*w + 4. Let f(k) = -k**3 - k. Let i(d) = 5*f(d) + x(d). Let p = 68 - 50. Let a be (-2)/((-16)/p) - (-54)/72. Determine i(a).
1
Let p = 400 + -86. Let u = p - 314. Let j(c) = -c**3 + c**2 - c - 5. Give j(u).
-5
Let z be 5 - (6/7)/((-14)/(-49)). Suppose z*s - 31 = -27. Let l(c) = -c - s*c + 10*c + 2*c + c**2 - 8. Determine l(-10).
2
Suppose 0 = -2*i - 3*d - 10, -8*i + d - 24 + 10 = 0. Let c(y) = 2 + 0*y**2 - 3*y**2 - 3 - y. Calculate c(i).
-11
Let i(g) = 3*g**3 + 27*g**2 + 2*g - 18. Let d(t) = 4*t**3 + 36*t**2 + 4*t - 18. Let p(s) = 2*d(s) - 3*i(s). What is p(-9)?
0
Let n be 14/(-6) - 3/(-9). Let z be n*4/24 + 120/9. Let w(t) = 0*t**2 - 12 - 12*t + t**2 + 9 + z*t. Calculate w(0).
-3
Suppose 4*u - 4*y = 16, 4*u = -2*u + 5*y + 18. Let g(x) = 12*x - 4. Give g(u).
-28
Let m be (-315)/(-21) - 31 - -24. Let d(l) = -2*l**2 + 27*l - 12. Calculate d(m).
76
Let h = 330 - 328. Suppose 5*g - 11 = -6. Let p(a) = 5*a**2 - 5*a**2 - a**2 - g. What is p(h)?
-5
Let a(n) be the third derivative of 1/20*n**5 + 0 + 0*n**3 - 7*n + 2*n**2 + 1/120*n**6 + 1/24*n**4. Determine a(-2).
2
Suppose -3*a = -2*v + 1, -5*a + 14*v = 16*v - 25. Let r(m) = -m**3 + 2*m**2 + 4*m - 11. Give r(a).
-8
Let n(t) = -t**2 + 5*t - 5. Let j = 18 + -3. Let k be ((-5)/j)/(1/(-15)). Determine n(k).
-5
Let h(k) be the third derivative of -k**6/120 + k**5/10 - 5*k**4/24 + k**3/6 - 31971*k**2. Let i(d) = -d**2 + 7*d - 5. Let u be i(5). Give h(u).
1
Suppose 4*w + 3*f = -0*w + 235, 4*f + 228 = 4*w. Let l be 60 - (0 + 1) - -1. Let i = w - l. Let j(c) = 2*c**2 - 2*c - 3. Give j(i).
9
Suppose -16*d - 214 = -166. Let h(b) = -4*b**3 - b**2 + 7*b + 3. Let q(u) = 9*u**3 + 2*u**2 - 15*u - 6. Let o(w) = 7*h(w) + 3*q(w). Give o(d).
9
Let m(c) = -1. Let y(d) = -6*d - 4. Let r be (-2 - -3)/((-1)/5). Let z(s) = r*m(s) + y(s). Suppose 2*q - 3*v = 8, -13*q + 17*q + 2*v = 0. What is z(q)?
-5
Let v(l) = 6*l**2 - 3*l - 1. Let p(i) = 7*i**2 - 4*i - 1. Let a(x) = 5*p(x) - 6*v(x). Let h be (-46)/(-14) - (26/42 + (-13)/39). Give a(h).
-14
Let n be 53/9 + 38/342. Let l(y) = -14*y + 44. What is l(n)?
-40
Suppose 36 = -8*r + 76. Let n(o) = 5*o - 20. Give n(r).
5
Suppose 2*j - 6*j = 5*g - 2095, -1578 = -3*j + 3*g. Let d = j - 523. Let c(o) = -5*o - 1. Give c(d).
-11
Let r(s) be the first derivative of s**4/4 - 22*s**3/3 - 19*s**2/2 - 79*s - 3111. What is r(23)?
13
Let l(v) = v + 4. Let h(d) = 3. Let k(r) = r - 9. Let i = 25 - 19. Let m be k(i). Let a(b) = m*h(b) + 2*l(b). Determine a(3).
5
Let o(p) = -32*p + 142*p - 42 - 87*p - 30*p. Calculate o(0).
-42
Let g(h) = 5*h - 3. Suppose 4*u = -3*c + 14 + 18, -2*c + 4*u - 12 = 0. Let a be (-119)/(-35) - ((-22)/(-5) - c). Give g(a).
12
Let j(r) = -r**2 + 4*r - 1. Suppose -14*b + 1 = -13*b. Suppose -4*s - 2*m + m = -b, 3*s = -3*m + 3. Suppose 4*p = -5*f + 23, -8 + s = -4*p. Give j(f).
2
Suppose -2 = 7*n - 6*n, -2*n = -t + 7. Suppose -s + 4*x - 26 = 0, -t*x + 15 = -0*x. Let o(j) = -j**2 - 8*j - 15. Calculate o(s).
-3
Let v(t) be the third derivative of 5*t**2 + 0 + 1/24*t**4 + 0*t - 2/3*t**3. Let n = 1108 + -1101. Give v(n).
3
Let m(r) = r**3 + 19*r**2 - 11. Let j be 7/(7/(-12)) - (-629 - -636). Give m(j).
-11
Suppose 3*c = -m - m + 16, 4*c - 2*m + 2 = 0. Suppose 8*o = 6*o + 3*s + c, 0 = o - 5*s + 6. Let l(j) = -4*j - 5. What is l(o)?
-21
Let w(h) be the first derivative of h**3/3 + 4*h**2 + 8*h - 1. Suppose -347 = -3*i - 5*v, -12*i + 8*i + 453 = -3*v. Let o = 107 - i. What is w(o)?
1
Let k(s) be the third derivative of -s**5/60 - 3*s**4/8 + 47*s**3/6 - 20*s**2 + 77*s. What is k(5)?
-23
Let c be (-54)/(-12)*32/(-6). Let b be 256/c*15/(-4). Suppose 0 = 8*i + b + 24. Let t(k) = -k**2 - 7*k + 7. Give t(i).
-1
Let z(v) be the second derivative of -4*v**3 + 9*v**2 - 2*v + 2508. Calculate z(2).
-30
Let f = 141 - 93. Let i = -47 + f. Let j(z) = -8*z + 5*z - 9*z + 1. Determine j(i).
-11
Let y(l) = 2*l**3 + 19*l**2 - 11*l. Let r = 6589 + -6599. Calculate y(r).
10
Suppose 0 = -4*a + 2*a + 8. Let t = 3073 + -3057. Suppose -t = 2*m + 5*n + 13, -40 = 4*m + a*n. Let o(l) = -l**3 - 6*l**2 + 4*l - 9. Determine o(m).
12
Suppose -3*z + 10 = 5*y - 13, -y + 31 = 3*z. Suppose z*t + 49 = -39. Let m(l) = -2*l - 15. Give m(t).
1
Let z be ((-32)/24)/(2/9). Let j(m) = -m - 5. Calculate j(z).
1
Let u be (5/5 - 38) + -3. Let g = u - -39. Let q(p) be the first derivative of -2*p**3 + p - 9. Determine q(g).
-5
Let c(y) = -4*y + 6. Let h(b) = -b - 33. Let d be h(-27). Let r be 2/(d/15)*(4 - 5). What is c(r)?
-14
Let s(h) = -3*h - 10. Let q be s(-5). Let r(u) = 15 - q + 0*u - 1 + u. Let z(v) = -2*v**3 + 84*v**2 + v - 48. Let f be z(42). Determine r(f).
3
Suppose -a = y - 87, 2*y + a + 2*a - 174 = 0. Let w(k) = 1 + 5*k**2 - k**3 - 81*k + y*k + 3 - 2. Calculate w(6).
2
Let x(v) = -v**2 + 34*v + 11. Suppose 90*b - 5*j + 166 = 94*b, 2*j + 158 = 5*b. Determine x(b).
11
Let p(d) = 1126*d + 1107*d - 25 - 2231*d. Calculate p(6).
-13
Let i(s) = s**2 - s - 1. Let d(k) = -798*k**2 - 13*k + 402*k**2 + 399*k**2 - 16. Let r(p) = d(p) - 4*i(p). What is r(-8)?
-4
Let t(i) = -3*i**2 - i + 28. Suppose -7 = -89*o + 349. Calculate t(o).
-24
Let j(x) be the third derivative of -7*x**5/60 - 59*x**4/24 - 17*x**3/6 - 2*x**2 + 208*x. Determine j(-8).
7
Let x be 22 - (-1863)/(-92) - 10/(-8). Let j(b) be the first derivative of 2*b - 4*b**2 + 1/3*b**x - 15. Give j(7).
-5
Let v(g) = -9*g**2 - 6*g + 25. Let j(d) = 11*d**2 + 3*d - 26. Let h(i) = 5*j(i) + 6*v(i). Give h(13).
-84
